{"id":57,"date":"2020-06-25T21:07:52","date_gmt":"2020-06-25T21:07:52","guid":{"rendered":"http:\/\/multiferia.com\/?page_id=57"},"modified":"2022-03-22T21:08:34","modified_gmt":"2022-03-22T21:08:34","slug":"contactenos","status":"publish","type":"page","link":"https:\/\/multiferia.com\/?page_id=57","title":{"rendered":"Cont\u00e1ctenos"},"content":{"rendered":"\n<p class=\"has-text-align-center has-vivid-cyan-blue-color has-text-color has-medium-font-size\">\u260e Tel\u00e9fonos: 2235-2283 \/2236-9983<\/p>\n\n\n\n<p class=\"has-text-align-center has-vivid-cyan-blue-color has-text-color has-medium-font-size\">\ud83d\udcf1 M\u00f3vil Corporativo: 6059-1743<\/p>\n\n\n\n<p class=\"has-text-align-center has-vivid-cyan-blue-color has-text-color has-medium-font-size\">\ud83d\udce7 Correo electr\u00f3nico: info@multiferia.com<\/p>\n\n\n\n<p class=\"has-text-align-center has-vivid-cyan-blue-color has-text-color has-medium-font-size\">Direcci\u00f3n: Calle Blancos, Urbanizaci\u00f3n Montelimar, diagonal a perimercados.<\/p>\n","protected":false},"excerpt":{"rendered":"<p>\u260e Tel\u00e9fonos: 2235-2283 \/2236-9983 \ud83d\udcf1 M\u00f3vil Corporativo: 6059-1743 \ud83d\udce7 Correo electr\u00f3nico: info@multiferia.com Direcci\u00f3n: Calle Blancos, Urbanizaci\u00f3n Montelimar, diagonal a perimercados.<\/p>\n","protected":false},"author":1,"featured_media":0,"parent":0,"menu_order":0,"comment_status":"closed","ping_status":"closed","template":"","meta":{"footnotes":""},"class_list":["post-57","page","type-page","status-publish","hentry"],"_links":{"self":[{"href":"https:\/\/multiferia.com\/index.php?rest_route=\/wp\/v2\/pages\/57","targetHints":{"allow":["GET"]}}],"collection":[{"href":"https:\/\/multiferia.com\/index.php?rest_route=\/wp\/v2\/pages"}],"about":[{"href":"https:\/\/multiferia.com\/index.php?rest_route=\/wp\/v2\/types\/page"}],"author":[{"embeddable":true,"href":"https:\/\/multiferia.com\/index.php?rest_route=\/wp\/v2\/users\/1"}],"replies":[{"embeddable":true,"href":"https:\/\/multiferia.com\/index.php?rest_route=%2Fwp%2Fv2%2Fcomments&post=57"}],"version-history":[{"count":8,"href":"https:\/\/multiferia.com\/index.php?rest_route=\/wp\/v2\/pages\/57\/revisions"}],"predecessor-version":[{"id":266,"href":"https:\/\/multiferia.com\/index.php?rest_route=\/wp\/v2\/pages\/57\/revisions\/266"}],"wp:attachment":[{"href":"https:\/\/multiferia.com\/index.php?rest_route=%2Fwp%2Fv2%2Fmedia&parent=57"}],"curies":[{"name":"wp","href":"https:\/\/api.w.org\/{rel}","templated":true}]}}